f 1346092815?
5
What is the hundreds digit of 79865165?
1
What is the thousands digit of 25458026?
8
What is the millions digit of 16183735?
6
What is the hundreds digit of 679936578?
5
What is the tens digit of 2842924333?
3
What is the tens digit of 310827572?
7
What is the hundreds digit of 3504835?
8
What is the hundred thousands digit of 482109949?
1
What is the ten millions digit of 122168647?
2
What is the millions digit of 175307427?
5
What is the units digit of 5851833493?
3
What is the ten thousands digit of 5454945?
5
What is the hundred millions digit of 668177035?
6
What is the hundreds digit of 2666579106?
1
What is the units digit of 255094575?
5
What is the ten millions digit of 34511748?
3
What is the ten thousands digit of 6579255470?
5
What is the thousands digit of 4292027?
2
What is the thousands digit of 985261039?
1
What is the ten millions digit of 516755566?
1
What is the thousands digit of 342186484?
6
What is the hundreds digit of 222812617?
6
What is the hundreds digit of 465241206?
2
What is the units digit of 56895664?
4
What is the tens digit of 331786844?
4
What is the ten millions digit of 68870453?
6
What is the ten millions digit of 72547292?
7
What is the millions digit of 73820521?
3
What is the thousands digit of 104969074?
9
What is the hundreds digit of 1437936548?
5
What is the thousands digit of 335762293?
2
What is the hundred thousands digit of 933599269?
5
What is the thousands digit of 2158972089?
2
What is the tens digit of 103382712?
1
What is the hundred thousands digit of 61165534?
1
What is the tens digit of 3219818?
1
What is the thousands digit of 195405850?
5
What is the units digit of 1269189229?
9
What is the thousands digit of 106433909?
3
What is the hundred thousands digit of 1918056514?
0
What is the ten thousands digit of 1045129606?
2
What is the hundreds digit of 931261290?
2
What is the tens digit of 8224398795?
9
What is the ten thousands digit of 265525611?
2
What is the ten thousands digit of 12064249?
6
What is the thousands digit of 1724855070?
5
What is the thousands digit of 67825556?
5
What is the thousands digit of 9217287842?
7
What is the hundred millions digit of 113645284?
1
What is the units digit of 326484158?
8
What is the millions digit of 34578894?
4
What is the hundreds digit of 192429456?
4
What is the ten millions digit of 63813845?
6
What is the hundred thousands digit of 905662303?
6
What is the hundred thousands digit of 181247540?
2
What is the hundred thousands digit of 38352507?
3
What is the hundreds digit of 10315402?
4
What is the ten thousands digit of 15757247?
5
What is the tens digit of 36364545?
4
What is the hundreds digit of 1037091?
0
What is the hundreds digit of 53360241?
2
What is the ten thousands digit of 4222099046?
9
What is the ten thousands digit of 1520416805?
1
What is the tens digit of 79787487?
8
What is the hundred millions digit of 262081382?
2
What is the thousands digit of 39443662?
3
What is the tens digit of 255487695?
9
What is the hundreds digit of 58816988?
9
What is the thousands digit of 58947960?
7
What is the hundred thousands digit of 42257232?
2
What is the ten millions digit of 4007728376?
0
What is the billions digit of 7037111598?
7
What is the ten thousands digit of 14945670?
4
What is the ten thousands digit of 900564588?
6
What is the ten millions digit of 957623210?
5
What is the hundred thousands digit of 5008113?
0
What is the ten millions digit of 3060921498?
6
What is the hundred thousands digit of 125377137?
3
What is the billions digit of 4496199390?
4
What is the ten thousands digit of 6285780121?
8
What is the millions digit of 916700959?
6
What is the ten thousands digit of 770269499?
6
What is the hundred millions digit of 1093922598?
0
What is the tens digit of 450732416?
1
What is the hundred thousands digit of 4265883?
2
What is the hundred millions digit of 1365180084?
3
What is the thousands digit of 1459736561?
6
What is the hundred millions digit of 998830137?
9
What is the ten thousands digit of 11531740?
3
What is the hundreds digit of 29915605?
6
What is the millions digit of 576853020?
6
What is the units digit of 16566660?
0
What is the ten thousands digit of 884302965?
0
What is the hundreds digit of 16873617?
6
What is the hundred thousands digit of 79535720?
5
What is the ten millions digit of 3763918420?
6
What is the hundreds digit of 34413989?
9
What is the hundreds digit of 377831779?
7
What is the ten thousands digit of 1249078035?
7
What is the units digit of 589655371?
1
What is the hundred millions digit of 252544876?
2
What is the ten thousands digit of 62476152?
7
What is the hundred thousands digit of 75433918?
4
What is the millions digit of 2577472723?
7
What is the tens digit of 370095507?
0
What is the units digit of 101698947?
7
What is the hundred thousands digit of 55693850?
6
What is the hundred millions digit of 2375379880?
3
What is the thousands digit of 28508779?
8
What is the millions digit of 517756254?
7
What is the units digit of 1131890975?
5
What is the millions digit of 15512043?
5
What is the hundred thousands digit of 432746890?
7
What is the thousands digit of 6358015742?
5
What is the hundred thousands digit of 985515812?
5
What is the thousands digit of 625196375?
6
What is the millions digit of 1457779474?
7
What is the units digit of 89250052?
2
What is the ten millions digit of 66987452?
6
What is the thousands digit of 596946937?
6
What is the ten thousands digit of 2049803054?
0
What is the millions digit of 87129848?
7
What is the thousands digit of 5969320459?
0
What is the units digit of 5680845835?
5
What is the units digit of 86356767?
7
What is the tens digit of 528112347?
4
What is the ten millions digit of 39999168?
3
What is the hundreds digit of 1153035366?
3
What is the millions digit of 339796083?
9
What is the millions digit of 602445213?
2
What is the ten thousands digit of 4649191584?
9
What is the hundreds digit of 191997332?
3
What is the thousands digit of 57771713?
1
What is the hundred millions digit of 2254204002?
2
What is the hundred thousands digit of 89525291?
5
What is the tens digit of 1503204945?
4
What is the millions digit of 248662851?
8
What is the tens digit of 7566935?
3
What is the hundreds digit of 3393928415?
4
What is the ten thousands digit of 22000938?
0
What is the thousands digit of 159708476?
8
What is the ten millions digit of 40540005?
4
What is the millions digit of 24912874?
4
What is the ten thousands digit of 46191307?
9
What is the units digit of 422935309?
9
What is the hundred millions digit of 3416620843?
4
What is the hundred millions digit of 292862720?
2
What is the hundreds digit of 304647573?
5
What is the thousands digit of 54061501?
1
What is the thousands digit of 49692004?
2
What is the tens digit of 1397058167?
6
What is the units digit of 1368323858?
8
What is the millions digit of 171052266?
1
What is the units digit of 2804936211?
1
What is the millions digit of 105694715?
5
What is the hundreds digit of 275406228?
2
What is the units digit of 2617035?
5
What is the hundred millions digit of 221243491?
2
What is the hundred thousands digit of 542858836?
8
What is the hundreds digit of 3446286734?
7
What is the hundred millions digit of 106509456?
1
What is the ten millions digit of 124170173?
2
What is the units digit of 5912133776?
6
What is the ten millions digit of 12429156?
1
What is the units digit of 32061673?
3
What is the hundred thousands digit of 544443483?
4
What is the ten thousands digit of 387074134?
7
What is the hundreds digit of 1675100792?
7
What is the tens digit of 229602048?
4
What is the ten thousands digit of 611918015?
1
What is the units digit of 1270865022?
2
What is the thousands digit of 1704470491?
0
What is the ten millions digit of 834916664?
3
What is the hundred thousands digit of 5500572?
5
What is the ten millions digit of 776928789?
7
What is the thousands digit of 68148343?
8
What is the tens digit of 346993095?
9
What is the thousands digit of 225629727?
9
What is the units digit of 6070735890?
0
What is the hundred millions digit of 1965769511?
9
What is the thousands digit of 303970386?
0
What is the thousands digit of 890823002?
3
What